{"id":170,"date":"2026-02-22T08:05:16","date_gmt":"2026-02-22T08:05:16","guid":{"rendered":"https:\/\/colemoi.co.uk\/?page_id=170"},"modified":"2026-03-22T06:18:48","modified_gmt":"2026-03-22T06:18:48","slug":"asps-auf-deutsch","status":"publish","type":"page","link":"https:\/\/colemoi.co.uk\/index.php\/asps-auf-deutsch\/","title":{"rendered":"ASPS auf Deutsch"},"content":{"rendered":"\n<h2 class=\"wp-block-heading\">Beratung und Expertise f\u00fcr Ausstattungen und Produkte, insbesondere im Bereich der fr\u00fchen Kindheit<\/h2>\n\n\n\n<p>COLEMOI UK Ltd bietet strategische und operative Beratungsdienstleistungen, insbesondere f\u00fcr Fachkr\u00e4fte im Bereich der fr\u00fchen Kindheit sowie f\u00fcr Hersteller, Importeure und H\u00e4ndler, die <strong>sichere, konforme und qualitativ hochwertige Produkte<\/strong> entwickeln m\u00f6chten.<\/p>\n\n\n\n<p>Das Unternehmen unterst\u00fctzt Organisationen zudem bei der Einf\u00fchrung und Verbesserung ihres <strong>Qualit\u00e4tsmanagementsystems<\/strong>, einschlie\u00dflich der Vorbereitung auf ein Niveau im Einklang mit den Anforderungen der <strong>ISO 9001<\/strong>, mit einem pragmatischen und an die Gr\u00f6\u00dfe der Struktur angepassten Ansatz.<\/p>\n\n\n\n<hr class=\"wp-block-separator has-alpha-channel-opacity\"\/>\n\n\n\n<h2 class=\"wp-block-heading\">Expertise auf Basis von \u00fcber 20 Jahren Erfahrung<\/h2>\n\n\n\n<p>Mit mehr als 20 Jahren Erfahrung in der Entwicklung und dem Vertrieb von p\u00e4dagogischen Materialien stellt COLEMOI UK Ltd sein Know-how Unternehmen zur Verf\u00fcgung, die ihre <strong>Produkte und Prozesse entwickeln, absichern, anpassen und verbessern<\/strong> m\u00f6chten.<\/p>\n\n\n\n<p>Urspr\u00fcnglich auf p\u00e4dagogische Ausstattungen f\u00fcr Kinder im Alter von 2 bis 6 Jahren spezialisiert, die f\u00fcr Bildungseinrichtungen und Betreuungseinrichtungen entwickelt wurden, hat das Unternehmen Produkte geschaffen, die sowohl <strong>p\u00e4dagogischen Anforderungen<\/strong> als auch den <strong>britischen, europ\u00e4ischen und amerikanischen Sicherheitsstandards<\/strong> entsprechen.<\/p>\n\n\n\n<p>Nach der Schlie\u00dfung der Schwesterunternehmen in Frankreich und Hongkong hat COLEMOI UK Ltd seine T\u00e4tigkeit auf <strong>technische, regulatorische und qualit\u00e4tsbezogene Beratung<\/strong> ausgerichtet und gleichzeitig seinen T\u00e4tigkeitsbereich auf <strong>weitere Branchen \u00fcber den Spielzeug- und Kleinkindbereich hinaus<\/strong> erweitert.<\/p>\n\n\n\n<hr class=\"wp-block-separator has-alpha-channel-opacity\"\/>\n\n\n\n<h2 class=\"wp-block-heading\">Beratung f\u00fcr Hersteller, Importeure und H\u00e4ndler<\/h2>\n\n\n\n<p>COLEMOI UK Ltd begleitet Unternehmen bei der <strong>Konzeption, Entwicklung, Konformit\u00e4t und kontinuierlichen Verbesserung<\/strong> ihrer Produkte \u2013 sowohl im Spielzeugsektor als auch in anderen Bereichen (Konsumg\u00fcter, Ausstattungen usw.).<\/p>\n\n\n\n<p>Die Leistungen umfassen insbesondere:<\/p>\n\n\n\n<ul class=\"wp-block-list\">\n<li>Unterst\u00fctzung bei der Entwicklung von Produkten f\u00fcr die fr\u00fche Kindheit<\/li>\n\n\n\n<li>Anpassung von Produktlinien an p\u00e4dagogische und didaktische Anforderungen<\/li>\n\n\n\n<li>Beratung zu regulatorischen Anforderungen und Konformit\u00e4t (Europa, UK, international)<\/li>\n\n\n\n<li>Einf\u00fchrung von <strong>Qualit\u00e4tsmanagementsystemen nach dem Vorbild der ISO 9001<\/strong><\/li>\n\n\n\n<li>Definition und Strukturierung von Qualit\u00e4tsprozessen (Dokumentation, R\u00fcckverfolgbarkeit, kontinuierliche Verbesserung)<\/li>\n\n\n\n<li>Umsetzung von <strong>Qualit\u00e4tskontrollen f\u00fcr Produkte und Lieferanten<\/strong> (Pr\u00fcfpl\u00e4ne, Inspektionen, Management von Nichtkonformit\u00e4ten)<\/li>\n\n\n\n<li>Analyse und Optimierung des Produktportfolios<\/li>\n\n\n\n<li>Unterst\u00fctzung bei Entwicklungs-, Industrialisierungs- und Importprojekten<\/li>\n<\/ul>\n\n\n\n<hr class=\"wp-block-separator has-alpha-channel-opacity\"\/>\n\n\n\n<h2 class=\"wp-block-heading\">Unterst\u00fctzung f\u00fcr \u00f6ffentliche Einrichtungen und Betreuungseinrichtungen<\/h2>\n\n\n\n<p>Die Expertise von COLEMOI UK Ltd richtet sich auch an Kommunen, Kindertagesst\u00e4tten, Kinderg\u00e4rten und Einrichtungen der fr\u00fchkindlichen Betreuung.<\/p>\n\n\n\n<p>Das Unternehmen unterst\u00fctzt insbesondere bei:<\/p>\n\n\n\n<ul class=\"wp-block-list\">\n<li>der Definition von Ausstattungsprojekten f\u00fcr die fr\u00fche Kindheit<\/li>\n\n\n\n<li>der Auswahl geeigneter und konformer p\u00e4dagogischer Materialien<\/li>\n\n\n\n<li>der Optimierung von R\u00e4umen und Betreuungsumgebungen<\/li>\n\n\n\n<li>der Integration von L\u00f6sungen, die Sicherheitsanforderungen und p\u00e4dagogischen Bed\u00fcrfnissen entsprechen<\/li>\n<\/ul>\n\n\n\n<hr class=\"wp-block-separator has-alpha-channel-opacity\"\/>\n\n\n\n<h2 class=\"wp-block-heading\">Ein globaler und branchen\u00fcbergreifender Ansatz<\/h2>\n\n\n\n<p>Dank seiner Erfahrung in Europa und auf internationaler Ebene bietet COLEMOI UK Ltd einen ganzheitlichen Ansatz, der Folgendes kombiniert:<\/p>\n\n\n\n<ul class=\"wp-block-list\">\n<li>P\u00e4dagogische Expertise<\/li>\n\n\n\n<li>Fundierte Kenntnisse regulatorischer Anforderungen<\/li>\n\n\n\n<li>Kompetenzen im <strong>Qualit\u00e4tsmanagement und in der Vorbereitung auf ISO 9001<\/strong><\/li>\n\n\n\n<li>Einf\u00fchrung von <strong>Qualit\u00e4tskontrollsystemen f\u00fcr verschiedene Branchen<\/strong><\/li>\n<\/ul>\n\n\n\n<p>Dieser Ansatz erm\u00f6glicht es Organisationen, <strong>zuverl\u00e4ssige, konforme und nachhaltige Produkte<\/strong> zu entwickeln und gleichzeitig ihre internen Prozesse nach anerkannten Qualit\u00e4tsstandards zu strukturieren und zu verbessern.<\/p>\n\n\n\n<hr class=\"wp-block-separator has-alpha-channel-opacity\"\/>\n\n\n\n<p>\ud83d\udd0e Neue europ\u00e4ische Spielzeugverordnung 2025: So erstellen Sie Ihren digitalen Produktpass (DPP) zum besten Preis<br>Mit der bevorstehenden Einf\u00fchrung des digitalen Produktpasses (DPP) m\u00fcssen Hersteller, Importeure und H\u00e4ndler f\u00fcr jedes Produkt bzw. jede Produktgruppe Folgendes bereitstellen:<\/p>\n\n\n\n<p>\u2714 eine konforme Sicherheitsbewertung<br>\u2714 \u200b\u200beine vollst\u00e4ndige technische Dokumentation<br>\u2714 entsprechende Pr\u00fcfungen durch akkreditierte Labore<br>\u2714 Dokumentenarchivierung mit Zugriff f\u00fcr 10 Jahre<br>\u2714 eine regelm\u00e4\u00dfig aktualisierte EU-Konformit\u00e4tserkl\u00e4rung<br>\u2714 \u200b\u200beinen sicheren, zweistufigen digitalen Link, der zug\u00e4nglich ist f\u00fcr:<\/p>\n\n\n\n<ul class=\"wp-block-list\">\n<li>die \u00d6ffentlichkeit (EU-Konformit\u00e4tserkl\u00e4rung, dokumentierte REACH-Konformit\u00e4t, Reparaturanleitungen usw.)<\/li>\n\n\n\n<li>Beh\u00f6rden (Sicherheitsbewertung, technische Dokumentation einschlie\u00dflich Herstellungsverfahren unter Wahrung von Gesch\u00e4ftsgeheimnissen usw.)<br>In der Praxis k\u00f6nnen verschiedene Situationen auftreten. In welcher Situation befinden Sie sich?<\/li>\n<\/ul>\n\n\n\n<hr class=\"wp-block-separator has-alpha-channel-opacity\"\/>\n\n\n\n<p>\ud83d\udccc Fall 1 (integrierte Fertigung oder nicht): Fehlende oder unvollst\u00e4ndige Dokumentation<br>\u27a1\ufe0f Unsere Unterst\u00fctzung:<\/p>\n\n\n\n<ul class=\"wp-block-list\">\n<li>Audit Ihres Produktionsprozesses zur Identifizierung von Optimierungspotenzialen und M\u00f6glichkeiten zur Integration von \u00d6kodesign-Elementen (ESPR).<\/li>\n\n\n\n<li>Identifizierung anwendbarer harmonisierter Normen<\/li>\n\n\n\n<li>Optimierung der Pr\u00fcfanforderungen zur Kostenreduzierung<\/li>\n\n\n\n<li>Erstellung der vollst\u00e4ndigen technischen Dokumentation<br>\u2705 Lieferung Ihrer DPP<br>\u2705 Sichere Internetverbindung<br>\u2705 Garantierte Archivierung gem\u00e4\u00df den regulatorischen Bestimmungen f\u00fcr 10 Jahre<\/li>\n<\/ul>\n\n\n\n<hr class=\"wp-block-separator has-alpha-channel-opacity\"\/>\n\n\n\n<p>\ud83d\udccc Fall 2 (nicht integrierte Fertigung): Sie m\u00f6chten die Dokumentation Ihres Lieferanten nicht verwenden<br>(Eigenmarke, Exklusivit\u00e4t, Vertraulichkeit usw.)<br>\u27a1\ufe0f Unsere Unterst\u00fctzung:<\/p>\n\n\n\n<ul class=\"wp-block-list\">\n<li>Direkte Zusammenarbeit mit Ihrem Lieferanten<\/li>\n\n\n\n<li>Erfassung und Validierung der technischen Daten<\/li>\n\n\n\n<li>Erstellung einer unabh\u00e4ngigen regulatorischen Dokumentation<br>\u2705 Lieferung Ihrer DPP<br>\u2705 Sichere Internetverbindung<br>\u2705 Garantierte Archivierung gem\u00e4\u00df den regulatorischen Bestimmungen f\u00fcr 10 Jahre<\/li>\n<\/ul>\n\n\n\n<hr class=\"wp-block-separator has-alpha-channel-opacity\"\/>\n\n\n\n<p>\ud83d\udccc Fall 3 (nicht integrierte Fertigung): Ihr Lieferant stellt nur eine Teildokumentation zur Verf\u00fcgung<br>\u27a1\ufe0f Unsere Unterst\u00fctzung:<\/p>\n\n\n\n<ul class=\"wp-block-list\">\n<li>Dokumenten- und Produktionspr\u00fcfung (falls erforderlich) zur Kostenoptimierung<\/li>\n\n\n\n<li>Identifizierung der tats\u00e4chlich notwendigen Konformit\u00e4tsanforderungen<\/li>\n\n\n\n<li>Abstimmung mit dem Hersteller zur Vervollst\u00e4ndigung der Dokumentation<br>\u2705 Lieferung Ihrer DPP<br>\u2705 Sichere Internetverbindung<br>\u2705 Garantierte Archivierung gem\u00e4\u00df regulatorischen Vorgaben f\u00fcr 10 Jahre<\/li>\n<\/ul>\n\n\n\n<hr class=\"wp-block-separator has-alpha-channel-opacity\"\/>\n\n\n\n<p>\ud83d\udccc Fall 4 (nicht integrierte Fertigung): Ihr Lieferant verf\u00fcgt bereits \u00fcber einen DPP.<\/p>\n\n\n\n<p>\u27a1\ufe0f Unsere Leistungen:<\/p>\n\n\n\n<ul class=\"wp-block-list\">\n<li>Pr\u00fcfung des bestehenden Digitalen Produktpasses<\/li>\n\n\n\n<li>\u00dcberpr\u00fcfung der Einhaltung regulatorischer Vorgaben<\/li>\n\n\n\n<li>Pr\u00fcfung der Dokumenteng\u00fcltigkeit<\/li>\n\n\n\n<li>\u00dcberpr\u00fcfung der Zuverl\u00e4ssigkeit der sicheren Verbindung<br>\u2705 Ausf\u00fchrlicher Pr\u00fcfbericht<br>\u2705 Validierung der Archivierung gem\u00e4\u00df regulatorischen Vorgaben (10 Jahre)<\/li>\n<\/ul>\n\n\n\n<hr class=\"wp-block-separator has-alpha-channel-opacity\"\/>\n\n\n\n<p>\ud83c\udfaf Ziel: Wir erm\u00f6glichen Ihnen, Ihre Spielzeuge mit konformer, sicherer und rechtsverbindlicher Dokumentation auf dem europ\u00e4ischen Markt anzubieten.<\/p>\n\n\n\n<hr class=\"wp-block-separator has-alpha-channel-opacity\"\/>\n\n\n\n<p>\ud83d\udce9 Kontaktieren Sie uns, um Ihre regulatorische Situation zu analysieren.<\/p>\n\n\n\n<p><\/p>\n\n\n\n<p>Warum ASPS?<\/p>\n\n\n\n<p>1\ufe0f\u20e3 Internationale und mehrsprachige Expertise<\/p>\n\n\n\n<p>Mit \u00fcber 20 Jahren Erfahrung in Industrie und Vertrieb in Europa, Asien und den USA sprechen wir flie\u00dfend Franz\u00f6sisch, Englisch, Deutsch und Japanisch und verf\u00fcgen \u00fcber gute Kenntnisse in Koreanisch, Spanisch und Russisch.<\/p>\n\n\n\n<p>Wir wissen, wie wir mit multikulturellen Partnern zusammenarbeiten und Herausforderungen im Zusammenhang mit lokalen und internationalen Standards schnell l\u00f6sen.<\/p>\n\n\n\n<p>2\ufe0f\u20e3 Umfassende Kenntnisse von Normen und Vorschriften<\/p>\n\n\n\n<p>Wir sind spezialisiert auf die wichtigsten Normen und Richtlinien:<\/p>\n\n\n\n<p>Europa: EN, REACH, DPP<\/p>\n\n\n\n<p>Amerika: ASTM, CPSC, CPSIA<\/p>\n\n\n\n<p>Asien: Japanische und koreanische Normen<\/p>\n\n\n\n<p>QCDSM- und HSE-Kontrollen f\u00fcr Ihre Industrieprozesse<\/p>\n\n\n\n<p>Ihre Produkte sind konform und sicher f\u00fcr alle internationalen M\u00e4rkte.<\/p>\n\n\n\n<p>3\ufe0f\u20e3 Praktische Fertigungserfahrung<\/p>\n\n\n\n<p>Unsere Erfahrung umfasst:<\/p>\n\n\n\n<p>Umfassende Audits von Produktionslinien, einschlie\u00dflich der Aufdeckung von Subunternehmern in chinesischen Fabriken, die sich als Einzelbetriebe ausgeben.<\/p>\n\n\n\n<p>Sicherheitsbewertungen und Koordination mit akkreditierten Laboren, Auswahl des besten Preis-Leistungs-Verh\u00e4ltnisses und der schnellsten Abwicklung.<\/p>\n\n\n\n<p>Beschaffung, Prototypenentwicklung und Serienproduktion in China und Vietnam.<\/p>\n\n\n\n<p>Logistikmanagement, Import\/Export und Zollformalit\u00e4ten.<\/p>\n\n\n\n<p>Wir bieten nicht nur theoretische Beratung, sondern gew\u00e4hrleisten die konkrete und operative Umsetzung.<\/p>\n\n\n\n<p>4\ufe0f\u20e3 Expertise in Vertr\u00e4gen, Patenten und geistigem Eigentum<\/p>\n\n\n\n<p>Wir unterst\u00fctzen Hersteller bei:<\/p>\n\n\n\n<p>der sicheren Nutzung von Lieferantendokumenten<\/p>\n\n\n\n<p>dem Schutz ihres geistigen Eigentums<\/p>\n\n\n\n<p>der Sicherstellung der Vertragstreue gegen\u00fcber ihren Partnern<\/p>\n\n\n\n<p>Dies bietet Ihnen Rechtssicherheit und gew\u00e4hrleistet die Einhaltung aller Vorschriften.<\/p>\n\n\n\n<p>5\ufe0f\u20e3 Rechtssicherheit durch britische und franz\u00f6sische Vertr\u00e4ge<\/p>\n\n\n\n<p>Dank unserer sechsj\u00e4hrigen Pr\u00e4senz in Gro\u00dfbritannien und unserer Registrierung in Frankreich als ausl\u00e4ndisches Unternehmen kann ASPS:<\/p>\n\n\n\n<p>Vertr\u00e4ge nach britischem oder franz\u00f6sischem Recht erstellen und validieren<\/p>\n\n\n\n<p>Die Rechtsg\u00fcltigkeit von Handels- und Regulierungsvereinbarungen gew\u00e4hrleisten<\/p>\n\n\n\n<p>Optimale Rechtssicherheit f\u00fcr internationale Transaktionen bieten<\/p>\n\n\n\n<p>Ihre Gesch\u00e4ftsbeziehungen und regulatorischen Verpflichtungen sind durch solide und rechtsg\u00fcltige Vertr\u00e4ge abgesichert<\/p>\n\n\n\n<figure class=\"wp-block-image size-large\"><img loading=\"lazy\" decoding=\"async\" width=\"1024\" height=\"1024\" src=\"http:\/\/colemoi.co.uk\/wp-content\/uploads\/2026\/02\/ASPS-Logo-1024x1024.jpg\" alt=\"\" class=\"wp-image-161\" srcset=\"https:\/\/colemoi.co.uk\/wp-content\/uploads\/2026\/02\/ASPS-Logo-1024x1024.jpg 1024w, https:\/\/colemoi.co.uk\/wp-content\/uploads\/2026\/02\/ASPS-Logo-300x300.jpg 300w, https:\/\/colemoi.co.uk\/wp-content\/uploads\/2026\/02\/ASPS-Logo-150x150.jpg 150w, https:\/\/colemoi.co.uk\/wp-content\/uploads\/2026\/02\/ASPS-Logo-768x768.jpg 768w, https:\/\/colemoi.co.uk\/wp-content\/uploads\/2026\/02\/ASPS-Logo-1536x1536.jpg 1536w, https:\/\/colemoi.co.uk\/wp-content\/uploads\/2026\/02\/ASPS-Logo.jpg 2048w\" sizes=\"auto, (max-width: 1024px) 100vw, 1024px\" \/><\/figure>\n","protected":false},"excerpt":{"rendered":"<p>Beratung und Expertise f\u00fcr Ausstattungen und Produkte, insbesondere im Bereich der fr\u00fchen Kindheit COLEMOI UK Ltd bietet strategische und operative Beratungsdienstleistungen, insbesondere f\u00fcr Fachkr\u00e4fte im Bereich der fr\u00fchen Kindheit sowie f\u00fcr Hersteller, Importeure und H\u00e4ndler, die sichere, konforme und qualitativ hochwertige Produkte entwickeln m\u00f6chten. Das Unternehmen unterst\u00fctzt Organisationen zudem bei der Einf\u00fchrung und Verbesserung ihres [&hellip;]<\/p>\n","protected":false},"author":1,"featured_media":0,"parent":0,"menu_order":0,"comment_status":"closed","ping_status":"closed","template":"","meta":{"footnotes":""},"class_list":["post-170","page","type-page","status-publish","hentry"],"_links":{"self":[{"href":"https:\/\/colemoi.co.uk\/index.php\/wp-json\/wp\/v2\/pages\/170","targetHints":{"allow":["GET"]}}],"collection":[{"href":"https:\/\/colemoi.co.uk\/index.php\/wp-json\/wp\/v2\/pages"}],"about":[{"href":"https:\/\/colemoi.co.uk\/index.php\/wp-json\/wp\/v2\/types\/page"}],"author":[{"embeddable":true,"href":"https:\/\/colemoi.co.uk\/index.php\/wp-json\/wp\/v2\/users\/1"}],"replies":[{"embeddable":true,"href":"https:\/\/colemoi.co.uk\/index.php\/wp-json\/wp\/v2\/comments?post=170"}],"version-history":[{"count":6,"href":"https:\/\/colemoi.co.uk\/index.php\/wp-json\/wp\/v2\/pages\/170\/revisions"}],"predecessor-version":[{"id":289,"href":"https:\/\/colemoi.co.uk\/index.php\/wp-json\/wp\/v2\/pages\/170\/revisions\/289"}],"wp:attachment":[{"href":"https:\/\/colemoi.co.uk\/index.php\/wp-json\/wp\/v2\/media?parent=170"}],"curies":[{"name":"wp","href":"https:\/\/api.w.org\/{rel}","templated":true}]}}